. Suppose -330 = -x*c - 30. Calculate the highest common divisor of 20 and c.
20
Suppose -2*h + 111 = -h - d, -5*d = -h + 127. Suppose -5*t - 6 + 16 = 0. Suppose -h + 29 = -t*i. Calculate the highest common factor of i and 26.
13
Suppose 280 = 3*j + 5*n - 144, -4*n + 711 = 5*j. What is the highest common divisor of j and 13?
13
Suppose -37 = -3*b + 314. Suppose -5*f + 63 = k - 0*k, -4*k + 5*f = -127. Let q = -25 + k. What is the greatest common divisor of q and b?
13
Let b be (3/9)/(2/12). Suppose 2*w - 5*p + 14 = 0, b*w - 2*p + 0*p + 2 = 0. Calculate the greatest common divisor of w and 12.
3
Let m(a) = a + 1. Let q(c) = c**2 - 18*c + 3. Let h(n) = -6*m(n) - q(n). Let w be h(10). What is the highest common divisor of w and 22?
11
Suppose -r = z - 2, 2 = -3*r + 5. Let v(t) = -t + 1. Let d be v(z). Suppose d = 2*k + 3*k - 10. What is the greatest common factor of 22 and k?
2
Let a(k) = -47*k**3 + k**2 - k - 4. Let q be a(-2). Calculate the greatest common factor of q and 42.
42
Let m(x) = 8*x**3 + x - 1. Let w be m(1). Let p(b) be the second derivative of 44*b**3/3 + 2*b. Let q be p(1). Calculate the greatest common divisor of w and q.
8
Let a(f) = -f**3 - 7*f**2 + 2*f + 3. Let g be a(-7). Let c(z) = -z**2 - 13*z - 16. Let i be c(g). What is the highest common divisor of i and 6?
6
Suppose -3*h = -13 - 32. Let v be 74/6 - (-10)/h. What is the greatest common factor of v and 39?
13
Let b be 15*(-4)/6*-4. Let v be (-8)/36 - 184/(-18). Calculate the greatest common divisor of b and v.
10
Let r = 273 - 119. Let p = -16 - -30. Calculate the highest common factor of r and p.
14
Let k = -102 - -109. What is the highest common divisor of k and 21?
7
Let p(m) = -m**3 - 3*m**2 - m - 2. Let f be p(-3). Let n be (26 - 4) + f/1. Let i = 143 - 28. Calculate the greatest common factor of n and i.
23
Let j be 3/(3/(-60)*-1). Suppose -2*q + 85 = 5*a, -3*a + 0*a - 3*q = -j. Calculate the greatest common divisor of a and 15.
15
Let u = 50 + -18. Let c be u/(-2) + 0 + 1. Let r be c/(-1) - (3 + -2). What is the highest common factor of 126 and r?
14
Let c(q) = 39*q**2 - 2*q + 1. Let r be c(1). Calculate the greatest common divisor of 95 and r.
19
Suppose -3*j + 5*j - 270 = -4*u, 3*u = j + 205. Calculate the greatest common factor of u and 34.
34
Let v be 9/((-162)/(-120))*(-84)/(-10). Calculate the highest common factor of 8 and v.
8
Let c be (4 - (4 + -3)) + 1. Suppose 0 = -q - c*q + 105. Let s be (56/(-6))/((-14)/q). Calculate the greatest common divisor of s and 14.
14
Suppose 5*r + 3*v = 10, 0 = 3*r + 4*v - 5*v - 6. Let b be r*((2 - -17) + 1). Suppose -d - 3*d = -40. Calculate the greatest common divisor of b and d.
10
Let w = 18 - 13. Let r(d) = d + d + 6 + 4*d. Let b be r(w). What is the highest common factor of 4 and b?
4
Let f(r) = 2*r + 4. Let c(a) = -a**2 - 7*a + 5. Let g be c(-8). Let i be f(g). Let q be (-72)/(-7) - i/(-7). Calculate the highest common divisor of 2 and q.
2
Let h be 12/(((-2)/(-66))/((-3)/(-6))). What is the greatest common divisor of 18 and h?
18
Suppose -f = -2*u + 179, u - 2*f - 178 = -u. What is the highest common divisor of 10 and u?
10
Let p(d) = -d**2 - 16*d - 3. Let c be p(-7). What is the greatest common divisor of 12 and c?
12
Let c(r) = -27*r**2 - 2*r - 2. Let x be c(-1). Let j = 51 + x. Calculate the highest common factor of 6 and j.
6
Let s be -2 + 2 + 3 + 2. Calculate the highest common divisor of 25 and s.
5
Let i = -112 + -19. Let h = i - -219. What is the highest common factor of 8 and h?
8
Let u = 1 - 4. Let q(j) = -j**3 - 3*j**2 - 4*j - 3. Let p be q(u). Suppose l + 18 = 3*l + a, -4*a - p = -l. What is the highest common divisor of 99 and l?
9
Let g be -3*(-2)/2 + 0. Let l be 224/10 + 2/(-5) + 2. Calculate the highest common factor of g and l.
3
Let h(c) = 19*c**2 + c + 1. Let d be h(-1). Suppose 5*p = 11 - 16. Let n = d + p. Calculate the greatest common factor of 27 and n.
9
Let x be (5/(-10))/(1/(-30)). Let i = 39 - 22. Let j = i - 11. What is the highest common divisor of j and x?
3
Suppose m + 25 = 127. Let f = -25 - 23. Let y = m + f. Calculate the greatest common factor of 18 and y.
18
Let i(q) = -q**3 - q**2 + 33. Let n be i(0). Let p = -16 + 38. What is the greatest common factor of n and p?
11
Let d be (0/(-3) - 2) + 17. Let i be 363/d + (-2)/10. Let v(o) = -3*o - 14. Let x be v(-10). Calculate the greatest common divisor of x and i.
8
Let d(f) = -f**2 - 5*f - 2. Let z be d(-3). Suppose -4*r = -x - 17, z*x - 7 = -2*r + 15. Calculate the highest common factor of x and 1.
1
Suppose 5*s + 4 = 24. Let p(v) = v**2 + 2*v - 14. Let g be p(-6). Suppose 4*a - g = -a. Calculate the highest common factor of a and s.
2
Let v be ((0 + 0)/1)/(-1). Let c(r) = -2*r - 5. Let o be c(-4). Suppose v = -o*u - 0*u + 75. Calculate the highest common factor of u and 5.
5
Let i(l) = -l + 5. Let c be i(3). What is the highest common factor of 22 and c?
2
Let r be (9/(-18))/((-2)/12). Calculate the highest common divisor of 3 and r.
3
Let b = -18 - -23. Calculate the highest common factor of 5 and b.
5
Let p(f) = -11*f - 2. Let l be p(-2). What is the greatest common divisor of l and 8?
4
Let j be (-19 + -2)*4/(-6). Let b = 11 - 9. Let n = b - -19. Calculate the greatest common factor of j and n.
7
Let p = -7 - -10. Suppose -p*q + 41 = -4. What is the greatest common factor of q and 6?
3
Suppose -2 + 14 = 3*u. Suppose -v + 60 = u*v. Let r be 71/4 - (-7)/28. What is the highest common divisor of r and v?
6
Suppose 3*h - 28 = 4*l + 200, h + 3*l = 89. Calculate the highest common factor of h and 8.
8
Let x(f) = -36*f**3 - f**2 - f. Let k be x(-1). Let g be (k/10)/(6/20). Calculate the highest common divisor of g and 60.
12
Let b(k) = -k**2 + 5*k + 5. Let z = -3 - -8. Let w be b(z). Calculate the highest common factor of w and 10.
5
Suppose 3*y = -0*y. Suppose -2*b + 3 + 3 = y. What is the greatest common divisor of b and 21?
3
Let c = 223 + -69. What is the highest common factor of 14 and c?
14
Suppose 4*m + 20 = -5*g, 5*g + 3*m = 3*g - 15. Suppose 4 = -g*x + 2*x. What is the highest common divisor of 6 and x?
2
Suppose -7*v + 3*v - 3*o = -231, -4*v = -o - 211. Let w = 3 - 1. Let l be v/6 + w + -1. What is the greatest common factor of 10 and l?
10
Let c be 1/(-3 + 4)*8. Let u = 5 - -3. Calculate the greatest common factor of c and u.
8
Let a(b) = 3*b**2 - 23*b + 22. Let s be a(1). Let w = 1 - -1. Suppose -18 + 2 = -w*d. What is the greatest common factor of d and s?
2
Suppose p + 3*h = 2*h + 118, -3*p - 5*h = -362. Calculate the greatest common divisor of 76 and p.
38
Suppose -3*b - 2*q = -236, -2*q + 6 = -5*q. Suppose -c + 25 = -b. Let u(l) = l**2 + 2*l. Let p be u(3). What is the highest common divisor of p and c?
15
Suppose 2*g = -4 + 26. What is the greatest common divisor of g and 77?
11
Let p be -5*4/150 - (-77)/15. Calculate the highest common divisor of 25 and p.
5
Let y = 26 + -17. Let s = y - 5. Let b be (-3)/(-1)*8/6. What is the highest common divisor of s and b?
4
Let h = 39 + -33. Suppose -25 + 7 = -m. Calculate the highest common divisor of m and h.
6
Suppose -4*o + 10 + 26 = 0. Calculate the greatest common factor of o and 72.
9
Suppose 6 = -0*k + 3*k + 2*q, -3*q = 0. What is the highest common divisor of 2 and k?
2
Suppose -4*m - i + 32 = i, -3*i + 16 = 2*m. Suppose -r + 3*r = m. Calculate the greatest common factor of r and 4.
4
Let y be -1 + -1 - 3/1. Let n(h) = -h**2 - 6*h + 5. Let a be n(y). Let j = -134 + 204. What is the greatest common factor of a and j?
10
Suppose 0 = -2*z - y + 33, 5*z + 2*y - 34 = 48. What is the greatest common factor of 16 and z?
16
Let z = 3 + 8. Let o(d) = d**2 - 5*d - 3. Let x be o(4). Let c = z + x. What is the highest common divisor of 8 and c?
4
Suppose -4*g + 3*z = -324, -4*z = g + 2*g - 243. What is the highest common factor of 9 and g?
9
Let a be 6/15 + 27/(-5). Let q(v) = -v - 4. Let w be q(a). Let d(u) = u**3 - 5*u**2 - 5*u - 4. Let y be d(6). What is the greatest common divisor of w and y?
1
Let x(c) = -16*c - 5. Let j be x(-1). What is the greatest common divisor of 1 and j?
1
Let x be (-4*3)/((-3)/2). Suppose 6*h - 4*j + 16 = 4*h, 3*h = -2*j + x. Let s = h - -9. What is the highest common divisor of s and 27?
9
Let h = 232 + -78. Suppose 0 = 2*v + 5*x - x + 20, 3*v + 10 = 